{"id":1474,"date":"2024-07-22T11:27:31","date_gmt":"2024-07-22T16:27:31","guid":{"rendered":"https:\/\/ligasantandereanadefutbol.co\/page\/?page_id=1474"},"modified":"2024-07-22T12:04:00","modified_gmt":"2024-07-22T17:04:00","slug":"nuestro-presidente","status":"publish","type":"page","link":"https:\/\/ligasantandereanadefutbol.co\/page\/nuestro-presidente\/","title":{"rendered":"nuestro presidente"},"content":{"rendered":"<p><section class=\"kc-elm kc-css-239292 kc_row\"><div class=\"kc-row-container  kc-container\"><div class=\"kc-wrap-columns\"><div class=\"kc-elm kc-css-631420 kc_col-of-5 kc_column kc_col-of-5\"><div class=\"kc-col-container\"><\/div><\/div><div class=\"kc-elm kc-css-41198 kc_col-sm-7 kc_column kc_col-sm-7\"><div class=\"kc-col-container\">\n<div class=\"kc-elm kc-css-894509 kc-title-wrap \">\n\n\t<h2 class=\"kc_title\">Nuestro presidente<\/h2>\n<\/div>\n<\/div><\/div><div class=\"kc-elm kc-css-761109 kc_col-of-5 kc_column kc_col-of-5\"><div class=\"kc-col-container\"><\/div><\/div><\/div><\/div><\/section><section class=\"kc-elm kc-css-809258 kc_row\"><div class=\"kc-row-container  kc-container\"><div class=\"kc-wrap-columns\"><div class=\"kc-elm kc-css-576064 kc_col-of-5 kc_column kc_col-of-5\"><div class=\"kc-col-container\"><\/div><\/div><div class=\"kc-elm kc-css-597315 kc_col-sm-7 kc_column kc_col-sm-7\"><div class=\"kc-col-container\"><div class=\"kc-elm kc-css-58656 kc_shortcode kc_single_image\">\n\n        <img decoding=\"async\" src=\"https:\/\/ligasantandereanadefutbol.co\/page\/wp-content\/uploads\/2024\/07\/WhatsApp-Image-2024-07-16-at-8.32.38-PM.jpeg\" class=\"\" alt=\"\" \/>    <\/div>\n<\/div><\/div><div class=\"kc-elm kc-css-307921 kc_col-of-5 kc_column kc_col-of-5\"><div class=\"kc-col-container\"><\/div><\/div><\/div><\/div><\/section><section class=\"kc-elm kc-css-350170 kc_row\"><div class=\"kc-row-container  kc-container\"><div class=\"kc-wrap-columns\"><div class=\"kc-elm kc-css-621674 kc_col-of-5 kc_column kc_col-of-5\"><div class=\"kc-col-container\"><\/div><\/div><div class=\"kc-elm kc-css-71892 kc_col-sm-7 kc_column kc_col-sm-7\"><div class=\"kc-col-container\"><div class=\"kc-elm kc-css-118896 kc_text_block\"><\/p>\n<p><strong>Nuestro Presidente Julio Torres Vega<\/strong> es un destacado profesional en Administraci\u00f3n de Empresas, graduado de la Universidad Aut\u00f3noma de Bucaramanga (UNAB) en 1994. Complement\u00f3 su formaci\u00f3n acad\u00e9mica con una Maestr\u00eda en Administraci\u00f3n de Negocios (MBA) obtenida en 2005, tambi\u00e9n en la UNAB.<\/p>\n<p><strong style=\"font-style: inherit;\">Experiencia Laboral<\/strong><\/p>\n<p><span style=\"font-style: inherit;\">Cuenta con una amplia experiencia en diversos sectores. Se desempe\u00f1\u00f3 como Venue Manager en la Copa Mundial de Futsal de la FIFA, celebrada en Bucaramanga en 2016, demostrando su capacidad para gestionar eventos de gran envergadura y complejidad.<\/span><\/p>\n<p>Anteriormente, entre 2013 y 2014, fue Coordinador de Bienestar Institucional en las Unidades Tecnol\u00f3gicas de Santander (UTS), donde contribuy\u00f3 al bienestar y desarrollo integral de la comunidad estudiantil.<\/p>\n<p><strong>Experiencia Docente<br \/><\/strong><br \/><span style=\"font-style: inherit;\">Fue docente por hora c\u00e1tedra en la Universidad Aut\u00f3noma de Bucaramanga (UNAB) durante casi dos d\u00e9cadas, de 1994 a 2013. Tambi\u00e9n imparti\u00f3 clases en las Unidades Tecnol\u00f3gicas de Santander (UTS) desde 2003 hasta 2015 y en la Universidad Pontificia Bolivariana (UPB) de 2001 a 2003.<\/span><\/p>\n<p><b>Experiencia en la Administraci\u00f3n P\u00fablica<br \/><\/b><br \/>Tambi\u00e9n ha hecho importantes contribuciones en el \u00e1mbito de la administraci\u00f3n p\u00fablica. Sirvi\u00f3 como Concejal del Concejo Municipal de Rionegro, Santander, durante varios periodos: 1988-90, 1990-91, 1992-94 y 1995-97. En estos roles, particip\u00f3 activamente en la formulaci\u00f3n de pol\u00edticas y en la toma de decisiones para el desarrollo de su comunidad.<\/p>\n<p><strong>Experiencia C\u00edvica<\/strong><\/p>\n<p>En el \u00e1mbito c\u00edvico, ha mostrado un notable compromiso con el deporte y la comunidad. Desde 2013 hasta la actualidad, ha servido como Presidente de la Comisi\u00f3n de F\u00fatbol Sala\/F\u00fatbol Playa. Adem\u00e1s, es Presidente del Club Deportivo Real Bucaramanga desde 2010, donde ha trabajado incansablemente para promover y desarrollar el f\u00fatbol local.<\/p>\n<p>Entre 1996 y 2009, Julio desempe\u00f1\u00f3 varios roles en la Liga Santandereana de F\u00fatbol, incluyendo Presidente, Vicepresidente, Gerente y Miembro del Comit\u00e9 Ejecutivo, demostrando su liderazgo y dedicaci\u00f3n al crecimiento del deporte en la regi\u00f3n.<\/p>\n<p>\n<\/div><\/div><\/div><div class=\"kc-elm kc-css-150107 kc_col-of-5 kc_column kc_col-of-5\"><div class=\"kc-col-container\"><\/div><\/div><\/div><\/div><\/section><\/p>\n","protected":false},"excerpt":{"rendered":"","protected":false},"author":1,"featured_media":0,"parent":0,"menu_order":0,"comment_status":"closed","ping_status":"closed","template":"","meta":{"footnotes":""},"_links":{"self":[{"href":"https:\/\/ligasantandereanadefutbol.co\/page\/wp-json\/wp\/v2\/pages\/1474"}],"collection":[{"href":"https:\/\/ligasantandereanadefutbol.co\/page\/wp-json\/wp\/v2\/pages"}],"about":[{"href":"https:\/\/ligasantandereanadefutbol.co\/page\/wp-json\/wp\/v2\/types\/page"}],"author":[{"embeddable":true,"href":"https:\/\/ligasantandereanadefutbol.co\/page\/wp-json\/wp\/v2\/users\/1"}],"replies":[{"embeddable":true,"href":"https:\/\/ligasantandereanadefutbol.co\/page\/wp-json\/wp\/v2\/comments?post=1474"}],"version-history":[{"count":9,"href":"https:\/\/ligasantandereanadefutbol.co\/page\/wp-json\/wp\/v2\/pages\/1474\/revisions"}],"predecessor-version":[{"id":1528,"href":"https:\/\/ligasantandereanadefutbol.co\/page\/wp-json\/wp\/v2\/pages\/1474\/revisions\/1528"}],"wp:attachment":[{"href":"https:\/\/ligasantandereanadefutbol.co\/page\/wp-json\/wp\/v2\/media?parent=1474"}],"curies":[{"name":"wp","href":"https:\/\/api.w.org\/{rel}","templated":true}]}}