{"id":1658,"date":"2024-11-03T11:01:30","date_gmt":"2024-11-03T16:01:30","guid":{"rendered":"https:\/\/ligasantandereanadefutbol.co\/page\/?page_id=1658"},"modified":"2024-11-03T11:01:30","modified_gmt":"2024-11-03T16:01:30","slug":"club-deportivo-central-santander","status":"publish","type":"page","link":"https:\/\/ligasantandereanadefutbol.co\/page\/club-deportivo-central-santander\/","title":{"rendered":"Club Deportivo Central Santander"},"content":{"rendered":"<p><section class=\"kc-elm kc-css-765319 kc_row\"><div class=\"kc-row-container\"><div class=\"kc-wrap-columns\"><div class=\"kc-elm kc-css-476245 kc_col-sm-5 kc_column kc_col-sm-5\"><div class=\"kc-col-container\"><div class=\"kc-elm kc-css-774014\" style=\"height: 40px; clear: both; width:100%;\"><\/div><div class=\"kc-elm kc-css-646121 kc_row kc_row_inner\"><div class=\"kc-elm kc-css-225863 kc_col-sm-12 kc_column_inner kc_col-sm-12\"><div class=\"kc_wrapper kc-col-inner-container\">\n<div class=\"kc-elm kc-css-342746 kc-title-wrap \">\n\n\t<h2 class=\"kc_title\">Club Deportivo Central Santander<\/h2>\n<\/div>\n<\/div><\/div><\/div><div class=\"kc-elm kc-css-350800 kc_row kc_row_inner\"><div class=\"kc-elm kc-css-895105 kc_col-sm-12 kc_column_inner kc_col-sm-12\"><div class=\"kc_wrapper kc-col-inner-container\"><div class=\"kc-elm kc-css-993437 kc_text_block\"><\/p>\n<p><strong>Presidente:<\/strong> Juli\u00e1n Andr\u00e9s Duarte Garc\u00eda<\/p>\n<p>\n<\/div><\/div><\/div><\/div><\/div><\/div><div class=\"kc-elm kc-css-889664 kc_col-of-5 kc_column kc_col-of-5\"><div class=\"kc-col-container\"><div class=\"kc-elm kc-css-12168 kc_shortcode kc_single_image\">\n\n        <img decoding=\"async\" src=\"https:\/\/ligasantandereanadefutbol.co\/page\/wp-content\/uploads\/2024\/11\/Picture1.png\" class=\"\" alt=\"\" \/>    <\/div>\n<\/div><\/div><div class=\"kc-elm kc-css-427798 kc_col-sm-5 kc_column kc_col-sm-5\"><div class=\"kc-col-container\"><div class=\"kc-elm kc-css-874016 kc_row kc_row_inner\"><div class=\"kc-elm kc-css-349211 kc_col-of-5 kc_column_inner kc_col-of-5\"><div class=\"kc_wrapper kc-col-inner-container\"><div class=\"kc-elm kc-css-614769 kc_shortcode kc_single_image\">\n\n        <img decoding=\"async\" src=\"https:\/\/ligasantandereanadefutbol.co\/page\/wp-content\/uploads\/2024\/07\/icons8-stadium-50.png\" class=\"\" alt=\"\" \/>    <\/div>\n<\/div><\/div><div class=\"kc-elm kc-css-828990 kc_col-sm-10 kc_column_inner kc_col-sm-10\"><div class=\"kc_wrapper kc-col-inner-container\"><div class=\"kc-elm kc-css-574570 kc_text_block\"><\/p>\n<p><strong>Cancha:<\/strong><\/p>\n<p>Cancha sintetica oriental &#8211; Cancha sintetica Parqueman\u00eda &#8211; Cancha de tierra lagos 1<\/p>\n<p>\n<\/div><\/div><\/div><\/div><div class=\"kc-elm kc-css-802548 kc_row kc_row_inner\"><div class=\"kc-elm kc-css-452097 kc_col-of-5 kc_column_inner kc_col-of-5\"><div class=\"kc_wrapper kc-col-inner-container\"><div class=\"kc-elm kc-css-860264 kc_shortcode kc_single_image\">\n\n        <img decoding=\"async\" src=\"https:\/\/ligasantandereanadefutbol.co\/page\/wp-content\/uploads\/2024\/07\/icons8-email-50.png\" class=\"\" alt=\"\" \/>    <\/div>\n<\/div><\/div><div class=\"kc-elm kc-css-756088 kc_col-sm-10 kc_column_inner kc_col-sm-10\"><div class=\"kc_wrapper kc-col-inner-container\"><div class=\"kc-elm kc-css-789390 kc_text_block\"><\/p>\n<p><strong>Correo el\u00e9ctronico<\/strong><\/p>\n<p>Centralsantandercol@gmail.com<\/p>\n<p><strong>T\u00e9lefono<\/strong><br \/>3046146446 &#8211; 3133630796<\/p>\n<p>\n<\/div><\/div><\/div><\/div><div class=\"kc-elm kc-css-100209 kc_row kc_row_inner\"><div class=\"kc-elm kc-css-160924 kc_col-sm-12 kc_column_inner kc_col-sm-12\"><div class=\"kc_wrapper kc-col-inner-container\"><div class=\"kc-elm kc-css-298309 kc-multi-icons-wrapper\">\n\t\t\t<a href=\"https:\/\/www.instagram.com\/centralsantandercol\/?utm_source=ig_web_button_share_sheet&amp;igsh=ZDNlZDc0MzIxNw==\" target=\"_self\" title=\"\" class=\"multi-icons-link multi-iconsfab-instagram\">\n\t\t\t<i class=\"fab-instagram\"><\/i>\n\t\t<\/a>\n\n\t<\/div>\n<\/div><\/div><\/div><\/div><\/div><\/div><\/div><\/section><section class=\"kc-elm kc-css-925140 kc_row\"><div class=\"kc-row-container  kc-container\"><div class=\"kc-wrap-columns\"><div class=\"kc-elm kc-css-721206 kc_col-sm-12 kc_column kc_col-sm-12\"><div class=\"kc-col-container\"><div class=\"kc-elm kc-css-729349 kc_text_block\"><\/p>\n<p><strong>Sede:<\/strong><\/p>\n<p>Calle 127 # 48-71 via al barrio el carmen eds bomax Eds biomax oriental de transportes s.a, Calle 127 #48-71, El Carmen, Floridablanca, Santander<\/p>\n<hr \/>\n<p>\n<\/div><\/div><\/div><\/div><\/div><\/section><section class=\"kc-elm kc-css-127459 kc_row\"><div class=\"kc-row-container  kc-container\"><div class=\"kc-wrap-columns\"><div class=\"kc-elm kc-css-239308 kc_col-sm-12 kc_column kc_col-sm-12\"><div class=\"kc-col-container\"><div class=\"kc-elm kc-css-780908 kc_text_block\"><\/p>\n<p><strong>Horarios:<\/strong><\/p>\n<p>Lunes a Viernes 3:30 Pm a 8:00 PM<\/p>\n<p>\n<\/div><\/div><\/div><\/div><\/div><\/section><\/p>\n","protected":false},"excerpt":{"rendered":"","protected":false},"author":1,"featured_media":0,"parent":0,"menu_order":0,"comment_status":"closed","ping_status":"closed","template":"","meta":{"footnotes":""},"_links":{"self":[{"href":"https:\/\/ligasantandereanadefutbol.co\/page\/wp-json\/wp\/v2\/pages\/1658"}],"collection":[{"href":"https:\/\/ligasantandereanadefutbol.co\/page\/wp-json\/wp\/v2\/pages"}],"about":[{"href":"https:\/\/ligasantandereanadefutbol.co\/page\/wp-json\/wp\/v2\/types\/page"}],"author":[{"embeddable":true,"href":"https:\/\/ligasantandereanadefutbol.co\/page\/wp-json\/wp\/v2\/users\/1"}],"replies":[{"embeddable":true,"href":"https:\/\/ligasantandereanadefutbol.co\/page\/wp-json\/wp\/v2\/comments?post=1658"}],"version-history":[{"count":3,"href":"https:\/\/ligasantandereanadefutbol.co\/page\/wp-json\/wp\/v2\/pages\/1658\/revisions"}],"predecessor-version":[{"id":1667,"href":"https:\/\/ligasantandereanadefutbol.co\/page\/wp-json\/wp\/v2\/pages\/1658\/revisions\/1667"}],"wp:attachment":[{"href":"https:\/\/ligasantandereanadefutbol.co\/page\/wp-json\/wp\/v2\/media?parent=1658"}],"curies":[{"name":"wp","href":"https:\/\/api.w.org\/{rel}","templated":true}]}}